= -90. What is the tens digit of q?
9
Let z(o) = -o**3 + o**2 + 1. Let b be z(2). Let m(w) = -2*w + 4. What is the tens digit of m(b)?
1
What is the units digit of (-1 - (-15)/9)*3?
2
Let d be 1/2 + (-39)/6. Let t = -20 + 31. Let z = t + d. What is the units digit of z?
5
Suppose 93 = -z + 349. What is the tens digit of z?
5
Let i be (-27)/(-5) - 4/10. Suppose 0 = -3*d - d - 5*y + 15, 15 = -2*d + i*y. What is the units digit of -1 + 2 + (d - -1)?
2
Suppose 2*v = 3*m + 11, 10 = v - 4*m - 3. What is the units digit of -4 + v + 43 + 2?
2
Let v = 5 + -2. Suppose -v - 1 = l. Let g(r) = -r. What is the units digit of g(l)?
4
Let k = 20 - -2. Let a = 11 - k. Let n = -5 - a. What is the units digit of n?
6
Let l(z) = 42*z. What is the units digit of l(1)?
2
Let f(x) = -x**2 + 8*x + 10. Let m = 9 + -1. What is the tens digit of f(m)?
1
Let l(c) = 18*c - 9. Let p be l(7). Let i = -76 + p. What is the units digit of i?
1
Let h be (-4)/10 + 32/5. Suppose -4*i + h = -i. Suppose -24 = -3*c - i*w, -c + 7 = -2*w - 1. What is the units digit of c?
8
Let i be 76/(-4 + 2) + 2. What is the units digit of (-382)/(-8) - 9/i?
8
Let m = -8 - 0. Let x = m + 13. What is the units digit of x?
5
Let d(k) = -k**3 + k**2 + 2*k - 3. What is the tens digit of d(-5)?
3
Let i = 78 - 207. What is the units digit of i/(-12) - 3/(-12)?
1
Let g(u) be the first derivative of -u**5/60 - u**4/4 - 2*u**3/3 + u**2/2 - 1. Let r(p) be the second derivative of g(p). What is the units digit of r(-5)?
1
Let c be (-2)/(-5) + (-169)/(-65). Suppose -c*w + 174 = 3*w. What is the units digit of w?
9
What is the tens digit of 9 - (-1 + -5) - (2 - 1)?
1
Suppose -g + 0*g + 3*d + 4 = 0, 2*g + 3*d + 10 = 0. What is the tens digit of (4/5)/(g/(-35))?
1
What is the units digit of (6/9)/(2/207)?
9
Let h = -4 + -6. Let c = -7 - h. Suppose -2*g = -c*g + 22. What is the tens digit of g?
2
Suppose -2*i - 20 = -7*i. Suppose 0 = i*j - 2*j - 8. Let g(p) = p**3 - 5*p**2 + 7*p - 5. What is the units digit of g(j)?
7
Let m be ((-1)/1)/(1/12). Let c = 1 - m. What is the units digit of c?
3
Let j = -18 - -11. Let k = j + 18. What is the units digit of k?
1
Suppose -2*l + 4*l = 0. What is the units digit of (1 - l)/((-4)/(-32))?
8
Suppose 2*l - 4 = 3*k - 10, -2*k = -4. Suppose l = -3*b + 33 - 9. What is the units digit of b?
8
Let t(w) = 4*w**2 - 3*w - 1. What is the tens digit of t(-3)?
4
Suppose -p + 5*p + 2*l = 110, -l + 5 = 0. What is the units digit of p?
5
Let l = -18 - -39. Let h = l + -10. What is the tens digit of h?
1
Let a(z) = z**2 + z - 1. Suppose 2*j + 3*k = 18, 0 = -4*j - 3*k + k + 20. What is the tens digit of a(j)?
1
Let v(b) = 2*b**2 - 1. What is the tens digit of v(-4)?
3
Let i = -213 + 416. What is the units digit of i?
3
Suppose 10*z - 36 = 7*z. What is the units digit of z?
2
Suppose -3*p - 5*f = -47, -3*p + 0*p = f - 67. Suppose 0 = -0*u - 4*u + p. Let n = u - 1. What is the units digit of n?
5
Let z(s) = 3*s**2 + 3*s - 5. What is the tens digit of z(-4)?
3
Suppose 109 = -5*x + 414. What is the tens digit of x?
6
Suppose k = 3*r - 575, r + 5*k - k = 170. What is the tens digit of r?
9
Suppose 2*t = -3*y + 5*t - 3, -3*t = -15. What is the units digit of y?
4
Suppose -3*a + 5*x = 175, -6*a - 120 = -4*a - 4*x. What is the tens digit of a/(-4) + 6/(-12)?
1
Let f(z) = -z + 2. Let b(r) = r**2 + 3*r - 7. Let a be b(-5). Let t = a + -5. What is the units digit of f(t)?
4
Suppose 0 = 3*j - 11 - 1. Let s = -1 - -1. Suppose s*b + 40 = j*b. What is the tens digit of b?
1
What is the tens digit of (9/(-4))/((-10)/240)?
5
Let y(c) = 16*c**2 + c + 1. What is the tens digit of y(-1)?
1
Let s = 10 - 8. What is the units digit of s?
2
Suppose -q - 20 = -6*q. Suppose -27 + 167 = q*o. What is the units digit of o?
5
Suppose 2*f = 5*b - 0*f - 246, -b = 3*f - 39. What is the units digit of b?
8
Suppose 570 - 228 = 3*i. What is the tens digit of i?
1
Let k(a) = 2 + 2 + 2 + 8*a**2 - a + 3 - a**3. What is the units digit of k(8)?
1
Suppose 5*w - 4*j - 52 = 0, -4*j = -w + 8 + 12. Let v = w - 0. Suppose 20 = -4*t, -2*d + 29 = -3*t + v. What is the units digit of d?
3
Let y be 8/(-12)*(1 + -13). Let s(m) = 2*m - 3. What is the tens digit of s(y)?
1
What is the units digit of 2366/28 + 2/4?
5
Let s(x) = -8*x + 2. What is the tens digit of s(-3)?
2
Let l be (2*11)/(4/8). What is the tens digit of ((-82)/(-8))/(11/l)?
4
Let j = 12 - 6. Suppose -2*p = -j*p + 16. Suppose 0*c - p*c + 44 = 4*o, c - 20 = -2*o. What is the units digit of o?
9
What is the units digit of ((-90)/25 + 4)*50?
0
Let c(k) be the second derivative of 0 - 1/2*k**2 + 4*k + 1/20*k**5 + 3/4*k**4 + k**3. What is the units digit of c(-8)?
5
Suppose 5*j + q - 856 = 0, 2*j + 0*q - 3*q = 356. Suppose j = 4*k - 4*o, -2*k = -3*k + 3*o + 45. What is the units digit of k?
2
Let z(f) = -24*f. Let l be 5/(-3) + (-8)/(-12). What is the tens digit of z(l)?
2
Suppose 2*i - 14 = 88. What is the units digit of i?
1
Let l = 18 - 14. Let v(s) = -s + 5. What is the units digit of v(l)?
1
Let t = 7 + -3. Suppose 25 = 5*x - 5*f, -5*f + 28 = t*x - 1. What is the units digit of x?
6
Let n = 5 - 5. What is the units digit of (2 - n) + 5 + -4?
3
Let m be 38/5 + (-2)/(-5). Let z = m + -5. Suppose z*l = -l + 48. What is the units digit of l?
2
Let r(k) be the second derivative of k**4/6 - k. What is the units digit of r(1)?
2
Suppose -3*x + x + 242 = 0. What is the hundreds digit of x?
1
Suppose 0*y = -4*y + 12. Let i = -3 + y. What is the units digit of (i - 8/6)*-3?
4
Let k = 549 + -213. What is the units digit of k?
6
Suppose 0 = -4*u + 1206 - 254. What is the units digit of u?
8
Suppose 0 = 5*k - 3*p - 317, 0 = -k - 3*p + 2*p + 57. What is the units digit of k?
1
Suppose -43 = 4*o - 11. Let u be 8/o*(1 + 1). What is the units digit of -2*((-15)/6 - u)?
1
Suppose -z = 3*x - 17, 0 = -0*z - 5*z - 4*x + 52. What is the units digit of z?
8
Let n(x) = 1 + 6 + 6 + x. Let f = -22 + 10. What is the units digit of n(f)?
1
Let s(a) be the second derivative of -2*a**5/5 + a**3/6 + a**2/2 + 2*a. Let g be s(-1). Let j(q) = -q**3 + 7*q**2 + 9*q - 4. What is the units digit of j(g)?
4
Let a(j) = -1 + 2 - j + 8. Let y be a(7). Suppose 3*w - 2*p - 18 = -p, -y*w + 19 = -3*p. What is the units digit of w?
5
Suppose -2*x + 5*k + 494 = 94, -5*k - 605 = -3*x. What is the hundreds digit of x?
2
Let x(d) be the first derivative of -d**4/4 - 5*d**3/3 + 9*d**2/2 + 5*d - 2. Let q be x(-6). Let f = q + 21. What is the units digit of f?
8
Suppose -2*h + 5*h = 42. Suppose -h = -2*b - 0. What is the units digit of b?
7
Let o(p) = p**2 + 8*p - 8. Let k(u) = u**3 + u**2 - 4*u. Let w be k(3). Suppose -2*a + 0*t + t - 19 = 0, -3*a = 3*t + w. What is the units digit of o(a)?
1
Suppose 7 = n - 5*d, 0 = -3*n - 0*n + 3*d + 9. Suppose n*r - 16 = -2*r. What is the units digit of r?
4
Let a(r) = 13*r**3 - r**2 + 2*r - 1. Let m be a(1). Let y = 21 - m. What is the units digit of y?
8
Let b be 2/(-9) - (-11)/9. Suppose b + 67 = 4*h. What is the units digit of h?
7
Let r be 2/1 + 1 - -2. Let i = r - -2. What is the units digit of i?
7
Let l(n) = n**2 - 2*n + 1. Let p be l(3). Suppose 9 = -o + p*w, -2*o + w = o + 5. Let y(u) = -u**3 + u**2. What is the units digit of y(o)?
2
Let z = -102 - -359. What is the tens digit of z?
5
Suppose -4*w + 4*h - 380 = -1284, -214 = -w - 3*h. What is the tens digit of w?
2
Suppose 0 = -2*o + 5 - 1. What is the units digit of (-60)/(-14) - o/7?
4
Suppose -5 = -4*r - o - 4, -4 = 4*r - 4*o. Suppose g = -r + 10. What is the units digit of g?
0
Let a(s) = -2*s**3 - 2*s - 1. Let b(v) = -v**3 + v**2 + 1. Let q be b(1). Suppose 2 = -p + q. What is the units digit of a(p)?
3
Let d(m) = -m + 9. Let j be d(5). Suppose u = -j*u + 65. What is the tens digit of u?
1
Let q(t) = 7*t**3 - 16*t**2 - 3*t - 4. Let c(m) = -m**3 + m**2 - m - 1. Let p(u) = 6*c(u) + q(u). What is the tens digit of p(11)?
1
Suppose 2*f + 2*n - 69 - 9 = 0, -2*n - 97 = -3*f. What is the units digit of f?
5
Suppose 0 = -3*n - c + 18, -5*n - 3*c + 14 = -4*n. Let z(s) = 4*s - 3. Let o be z(2). Suppose 0*i = o*i - n. What is the units digit of i?
1
Let u(i) = 11*i**2 - 6*i + 6. What is the tens digit of u(4)?
5
Let x(o) = 15*o - 1. Let v be x(1). Suppose u = 3*u - v. What is the units digit of u?
7
Suppose -4*j = -10 - 2. Suppose -j*k 